{"id":43,"date":"2020-04-15T11:32:18","date_gmt":"2020-04-15T11:32:18","guid":{"rendered":"https:\/\/bridge355.qodeinteractive.com\/?page_id=43"},"modified":"2025-03-06T10:54:27","modified_gmt":"2025-03-06T09:54:27","slug":"about","status":"publish","type":"page","link":"https:\/\/freastudio.it\/?page_id=43&lang=it","title":{"rendered":"Chi siamo"},"content":{"rendered":"\t\t<div data-elementor-type=\"wp-page\" data-elementor-id=\"43\" class=\"elementor elementor-43\">\n\t\t\t\t\t\t<section class=\"elementor-section elementor-top-section elementor-element elementor-element-b8e070f qode_elementor_container_inner elementor-section-boxed elementor-section-height-default elementor-section-height-default parallax_section_no\" data-id=\"b8e070f\" data-element_type=\"section\" data-e-type=\"section\">\n\t\t\t\t\t\t<div class=\"elementor-container elementor-column-gap-no\">\n\t\t\t\t\t<div class=\"elementor-column elementor-col-100 elementor-top-column elementor-element elementor-element-7d5c5a2\" data-id=\"7d5c5a2\" data-element_type=\"column\" data-e-type=\"column\">\n\t\t\t<div class=\"elementor-widget-wrap elementor-element-populated\">\n\t\t\t\t\t\t<div class=\"elementor-element elementor-element-fee45d4 elementor-widget elementor-widget-text-editor\" data-id=\"fee45d4\" data-element_type=\"widget\" data-e-type=\"widget\" data-widget_type=\"text-editor.default\">\n\t\t\t\t<div class=\"elementor-widget-container\">\n\t\t\t\t\t\t\t\t\t<h3 style=\"text-align: center;\">\u00a0 \u00a0FREA STUDIO<\/h3>\t\t\t\t\t\t\t\t<\/div>\n\t\t\t\t<\/div>\n\t\t\t\t<div class=\"elementor-element elementor-element-8673ac7 elementor-widget elementor-widget-text-editor\" data-id=\"8673ac7\" data-element_type=\"widget\" data-e-type=\"widget\" data-widget_type=\"text-editor.default\">\n\t\t\t\t<div class=\"elementor-widget-container\">\n\t\t\t\t\t\t\t\t\t<p style=\"text-align: center;\">FREA \u00e8 uno studio di professionisti, un luogo di ricerca, studio, analisi e progettazione del paesaggio a tutto tondo, inteso questo come l\u2019intricato intreccio di agricoltura, ecologia e architettura.<\/p><p style=\"text-align: center;\">FREA si compone appunto di tre differenti discipline che sempre di pi\u00f9 si ha la necessit\u00e0 di unire quando si parla di intervenire su un territorio come il nostro, che unisce la realt\u00e0 produttiva agricola a quella della tutela paesaggistica. FREA interviene nella pianificazione aziendale e progettazione paesaggistica ad aziende e privati che abbiano voglia di integrare bellezza e produttivit\u00e0.<\/p><p style=\"text-align: center;\">Dal 2020 Fiore Giovannini e Gianna Galgani hanno quindi deciso di creare questa collaborazione per poter offrire servizi di consulenza, progettazione e assistenza con l\u2019obiettivo di trovare soluzioni per uno sviluppo sostenibile del territorio.<\/p>\t\t\t\t\t\t\t\t<\/div>\n\t\t\t\t<\/div>\n\t\t\t\t<div class=\"elementor-element elementor-element-03719ab elementor-widget elementor-widget-text-editor\" data-id=\"03719ab\" data-element_type=\"widget\" data-e-type=\"widget\" data-widget_type=\"text-editor.default\">\n\t\t\t\t<div class=\"elementor-widget-container\">\n\t\t\t\t\t\t\t\t\t<h3>\u00a0<\/h3><h3 style=\"text-align: center;\">\u00a0 \u00a0 CHI SIAMO<\/h3>\t\t\t\t\t\t\t\t<\/div>\n\t\t\t\t<\/div>\n\t\t\t\t\t<\/div>\n\t\t<\/div>\n\t\t\t\t\t<\/div>\n\t\t<\/section>\n\t\t\t\t<section class=\"elementor-section elementor-top-section elementor-element elementor-element-c78bc05 elementor-section-boxed elementor-section-height-default elementor-section-height-default parallax_section_no qode_elementor_container_no\" data-id=\"c78bc05\" data-element_type=\"section\" data-e-type=\"section\">\n\t\t\t\t\t\t<div class=\"elementor-container elementor-column-gap-wider\">\n\t\t\t\t\t<div class=\"elementor-column elementor-col-50 elementor-top-column elementor-element elementor-element-5d0cfd2\" data-id=\"5d0cfd2\" data-element_type=\"column\" data-e-type=\"column\">\n\t\t\t<div class=\"elementor-widget-wrap elementor-element-populated\">\n\t\t\t\t\t\t<div class=\"elementor-element elementor-element-8fcf5d8 elementor-widget__width-initial elementor-widget elementor-widget-image\" data-id=\"8fcf5d8\" data-element_type=\"widget\" data-e-type=\"widget\" data-widget_type=\"image.default\">\n\t\t\t\t<div class=\"elementor-widget-container\">\n\t\t\t\t\t\t\t\t\t\t\t\t\t\t\t<img decoding=\"async\" src=\"https:\/\/freastudio.it\/wp-content\/uploads\/2023\/08\/Fiore-Giovannini-bn-300x300-1.jpeg\" title=\"\" alt=\"\" loading=\"lazy\" \/>\t\t\t\t\t\t\t\t\t\t\t\t\t\t\t<\/div>\n\t\t\t\t<\/div>\n\t\t\t\t<div class=\"elementor-element elementor-element-455e6d0 elementor-widget__width-initial elementor-widget elementor-widget-text-editor\" data-id=\"455e6d0\" data-element_type=\"widget\" data-e-type=\"widget\" data-widget_type=\"text-editor.default\">\n\t\t\t\t<div class=\"elementor-widget-container\">\n\t\t\t\t\t\t\t\t\t<p style=\"text-align: center;\">Agronomo<\/p><p style=\"text-align: center;\">FIORE GIOVANNINI<\/p>\t\t\t\t\t\t\t\t<\/div>\n\t\t\t\t<\/div>\n\t\t\t\t<div class=\"elementor-element elementor-element-06fd31a elementor-widget elementor-widget-text-editor\" data-id=\"06fd31a\" data-element_type=\"widget\" data-e-type=\"widget\" data-widget_type=\"text-editor.default\">\n\t\t\t\t<div class=\"elementor-widget-container\">\n\t\t\t\t\t\t\t\t\t<p>Dottore agronomo specializzata nella coltivazione e nella trasformazione di una delle colture simbolo del nostro paesaggio: l\u2019olivo e l\u2019olio extra vergine d\u2019oliva. Dopo diverse esperienze in aziende toscane e straniere (USA e Germania) ha deciso di intraprendere la strada della libera professione.<br \/>Si occupa di consulenze in campo agronomico e controllo della gestione aziendale nell\u2019areale Fiorentino e Mugellano, cercando di dare una corretta valorizzazione dei prodotti agricoli attraverso il mantenimento della fertilit\u00e0 dei terreni e la scelta di metodi di conduzione biologica.<br \/>La creazione di Frea rientra nella convinzione che agronomia e paesaggio ormai sono due aspetti che si intersecano nella multifunzionalit\u00e0 di molte aziende, con la necessit\u00e0 di essere sviluppate parallelamente.<\/p>\t\t\t\t\t\t\t\t<\/div>\n\t\t\t\t<\/div>\n\t\t\t\t\t<\/div>\n\t\t<\/div>\n\t\t\t\t<div class=\"elementor-column elementor-col-50 elementor-top-column elementor-element elementor-element-e6b585e\" data-id=\"e6b585e\" data-element_type=\"column\" data-e-type=\"column\">\n\t\t\t<div class=\"elementor-widget-wrap elementor-element-populated\">\n\t\t\t\t\t\t<div class=\"elementor-element elementor-element-45ccef8 elementor-widget__width-initial elementor-widget elementor-widget-image\" data-id=\"45ccef8\" data-element_type=\"widget\" data-e-type=\"widget\" data-widget_type=\"image.default\">\n\t\t\t\t<div class=\"elementor-widget-container\">\n\t\t\t\t\t\t\t\t\t\t\t\t\t\t\t<img decoding=\"async\" src=\"https:\/\/freastudio.it\/wp-content\/uploads\/2023\/09\/Profilo-Gianna.jpg\" title=\"\" alt=\"\" loading=\"lazy\" \/>\t\t\t\t\t\t\t\t\t\t\t\t\t\t\t<\/div>\n\t\t\t\t<\/div>\n\t\t\t\t<div class=\"elementor-element elementor-element-c23c06d elementor-widget__width-initial elementor-widget elementor-widget-text-editor\" data-id=\"c23c06d\" data-element_type=\"widget\" data-e-type=\"widget\" data-widget_type=\"text-editor.default\">\n\t\t\t\t<div class=\"elementor-widget-container\">\n\t\t\t\t\t\t\t\t\t<p style=\"text-align: center;\">Arch. Paesaggista<br \/>GIANNA GALGANI<\/p>\t\t\t\t\t\t\t\t<\/div>\n\t\t\t\t<\/div>\n\t\t\t\t<div class=\"elementor-element elementor-element-fb65e04 elementor-widget elementor-widget-text-editor\" data-id=\"fb65e04\" data-element_type=\"widget\" data-e-type=\"widget\" data-widget_type=\"text-editor.default\">\n\t\t\t\t<div class=\"elementor-widget-container\">\n\t\t\t\t\t\t\t\t\t<p class=\"p1\">Architetto Paesaggista, dal 2017 si occupa di PAESAGGIO a tutto tondo, lavorando come consulente per studi di Architettura e Paesaggio tra Milano, Firenze e Lucca. Lavora alla progettazione dei piccoli giardini privati in tutti i loro dettagli, dalla selezione delle specie ad alto valore ecologico ed effetto scenico, fino alla definizione di illluminazione e arredi, che portano alla realizzazione di giardini \u201cchiavi in mano\u201d. Il suo lavoro si basa sullo studio delle dinamiche ecologiche esistenti per proporre ogni volta &#8211; dall\u2019Europa del nord, all\u2019Arabia Saudita &#8211; un progetto che valorizzi lo spirito del luogo, migliori la qualit\u00e0 e la fruibilit\u00e0 degli spazi aperti e proponga strategie per la riduzione degli imput manutentivi. \u00a0<\/p><p>Continua \u00e8 la ricerca \u00a0per sviluppare progetti che migliorino la vita e lo spazio delle persone nonch\u00e9 della biodiversit\u00e0.<\/p>\t\t\t\t\t\t\t\t<\/div>\n\t\t\t\t<\/div>\n\t\t\t\t\t<\/div>\n\t\t<\/div>\n\t\t\t\t\t<\/div>\n\t\t<\/section>\n\t\t\t\t<\/div>\n\t\t","protected":false},"excerpt":{"rendered":"<p>\u00a0 \u00a0FREA STUDIO FREA \u00e8 uno studio di professionisti, un luogo di ricerca, studio, analisi e progettazione del paesaggio a tutto tondo, inteso questo come l\u2019intricato intreccio di agricoltura, ecologia e architettura. FREA si compone appunto di tre differenti discipline che sempre di pi\u00f9 si&#8230;<\/p>\n","protected":false},"author":1,"featured_media":0,"parent":0,"menu_order":0,"comment_status":"closed","ping_status":"closed","template":"full_width.php","meta":{"footnotes":""},"class_list":["post-43","page","type-page","status-publish","hentry"],"_links":{"self":[{"href":"https:\/\/freastudio.it\/index.php?rest_route=\/wp\/v2\/pages\/43","targetHints":{"allow":["GET"]}}],"collection":[{"href":"https:\/\/freastudio.it\/index.php?rest_route=\/wp\/v2\/pages"}],"about":[{"href":"https:\/\/freastudio.it\/index.php?rest_route=\/wp\/v2\/types\/page"}],"author":[{"embeddable":true,"href":"https:\/\/freastudio.it\/index.php?rest_route=\/wp\/v2\/users\/1"}],"replies":[{"embeddable":true,"href":"https:\/\/freastudio.it\/index.php?rest_route=%2Fwp%2Fv2%2Fcomments&post=43"}],"version-history":[{"count":119,"href":"https:\/\/freastudio.it\/index.php?rest_route=\/wp\/v2\/pages\/43\/revisions"}],"predecessor-version":[{"id":846,"href":"https:\/\/freastudio.it\/index.php?rest_route=\/wp\/v2\/pages\/43\/revisions\/846"}],"wp:attachment":[{"href":"https:\/\/freastudio.it\/index.php?rest_route=%2Fwp%2Fv2%2Fmedia&parent=43"}],"curies":[{"name":"wp","href":"https:\/\/api.w.org\/{rel}","templated":true}]}}